 = -5*j. What is the remainder when 13 is divided by u?
5
Let i(k) = -k**3 + 18*k**2 + 19*k + 6. What is the remainder when 53 is divided by i(19)?
5
Let s(i) = 13*i**2 + 3*i + 2. What is the remainder when 30 is divided by s(-1)?
6
Suppose f + 0 = c + 2, 0 = -2*f - 3*c + 19. Let d = f - -26. What is the remainder when d is divided by 11?
9
Let x(l) = 4*l + 19. Calculate the remainder when x(9) is divided by 14.
13
Let i(m) = 10*m**2 + 2*m - 1. What is the remainder when i(-2) is divided by 12?
11
Let b(f) = -6*f + 3. What is the remainder when b(-8) is divided by 27?
24
Let u = 14 + -21. Let b = 9 + u. Calculate the remainder when b/(-11) + (-444)/(-22) is divided by 7.
6
Let j = -85 + 97. What is the remainder when 71 is divided by j?
11
Let a = 0 + 18. Let z(x) = 7 + x + 0 - 2. What is the remainder when a is divided by z(5)?
8
Suppose -66 = -5*w + 34. Suppose 19 = -m + 5*z - 0*z, 4*z = 4*m + 108. Let b = m - -40. What is the remainder when w is divided by b?
9
What is the remainder when (-158)/(-14) - 30/105 is divided by 7?
4
Calculate the remainder when 15 is divided by 7 - 1/(-5)*-5.
3
Suppose 8 = 2*q + 5*z - 2*z, -5*z = 3*q - 13. Suppose -3*f = s - 17, -4*f = -3*f - q. Calculate the remainder when 40 is divided by s.
12
Suppose 0 = -0*w - 4*w + 108. What is the remainder when w is divided by -3 + 4 - (1 - 15)?
12
Let h be 3 + (4 - 2 - 2). Suppose h*j - 16 = j. Suppose -o + 13 = -2*q - j, -5*o + 4*q + 135 = 0. Calculate the remainder when o is divided by 16.
15
Let c be 273/12 + (-4)/(-16). Suppose 0 = -3*s + 76 + c. Calculate the remainder when s is divided by 12.
9
Let h be (27/(-15))/(6/(-20)). Suppose h*v = 2*v - c - 27, -4*c + 4 = 0. Let u = v - -33. Calculate the remainder when u is divided by 9.
8
Let c(b) = 11*b + 1. Let o be c(5). Suppose 2*j + 4*i - 36 = -0*j, 2*j - i = o. Calculate the remainder when j is divided by 14.
12
Let w be -1*3*(-2)/3. Suppose -w*l - 15 = -5*l. Suppose -33 = -l*j + 32. What is the remainder when j is divided by 5?
3
Suppose 2*c - 45 = -3*u, -3*u = -4*c + 5*c - 48. What is the remainder when u is divided by 6?
5
Let y be -1*(-2)/(0 + 1). What is the remainder when (-26)/2*(-4)/y is divided by 9?
8
Suppose 4*g - 3*t - 51 = 0, -g = 2*g + 5*t - 31. Calculate the remainder when 34 is divided by g.
10
Let b(f) = f**3 + 5*f**2 - 4*f + 10. Let i be b(4). Let z = 204 - i. What is the remainder when z is divided by 23?
20
Calculate the remainder when ((1 - 4) + -28)/(-1) is divided by (1 - 4)/(30/(-80)).
7
Let t be ((-2)/(-3))/(4/30). Suppose -4*g = -t*h - 2 + 6, -g = 2*h + 1. What is the remainder when 44 is divided by 42/3 - (-2 - g)?
14
Let m be (-12 - -13) + (3 - -1). Suppose 39 = -m*g + 134. Calculate the remainder when 55 is divided by g.
17
Let u(i) = 2*i + 8. Let n be u(-3). Suppose f = -n, -4*f = 5*o - 26 - 21. Calculate the remainder when -30*(2/3)/(-1) is divided by o.
9
Suppose 0 = -0*u - u + 5*g + 39, 0 = -2*u + 3*g + 50. Calculate the remainder when 74 is divided by u.
17
Suppose q = 4*p + 22 + 40, -228 = -3*q - 2*p. Let c = -61 + 76. Calculate the remainder when q is divided by c.
14
Calculate the remainder when 8 is divided by 2 + (4 - (-6)/(-2)).
2
Let v = 23 + 4. What is the remainder when 51 is divided by v?
24
Suppose 4*d - 26 = -10. Suppose 3*l - 24 = -5*j, d*l + 6 = -4*j + 46. Calculate the remainder when 51 is divided by l.
12
Let b be (-56 + 1)*(-4)/10. Suppose 0*f = f - b. Let x = 3 + f. What is the remainder when 48 is divided by x?
23
Let d = -77 + 146. Calculate the remainder when d is divided by 18.
15
What is the remainder when 0 + -1 - (-189)/9 is divided by 12?
8
Suppose 2*u + 5*t - 17 = 0, -2*t - 4 = -6*t. Suppose -4*h + 80 = h. What is the remainder when h is divided by u?
4
Calculate the remainder when 132 is divided by (-2 + (38 - 1))*(-4 - -5).
27
Let n(t) = 24*t + 2. What is the remainder when 101 is divided by n(1)?
23
Let c(i) = i**3 + 5*i**2 - 6*i + 4. Suppose -12 - 18 = 5*h. What is the remainder when 11 is divided by c(h)?
3
Let s = 448 - 282. What is the remainder when s is divided by 17?
13
Let o be ((-4)/(-5))/((-4)/(-40)). Let s(f) = 6*f + 1. What is the remainder when s(o) is divided by 17?
15
Let x = 12 + -3. Suppose -3*q = -42 - 12. Let z = -13 + q. Calculate the remainder when x is divided by z.
4
Suppose -18*p - 22 = -20*p. What is the remainder when 32 is divided by p?
10
Let t(l) = l**2 - 2*l - 3. Let d be ((-2)/(-2))/((-2)/14). What is the remainder when t(d) is divided by 21?
18
Let r = -7 - -29. Calculate the remainder when r is divided by 13.
9
Suppose -4*s + 3*l + 108 = 0, s = -4*s - 5*l + 100. Calculate the remainder when s is divided by 13.
11
Suppose 4*x + 24 = 7*x. Suppose -g = -5*g + 92. What is the remainder when g is divided by x?
7
Let r(f) = -f + 9. Let n(w) = w**3 + 13*w**2 + 11*w + 5. Let b be n(-12). Let x = b + -8. What is the remainder when x is divided by r(4)?
4
What is the remainder when ((-110)/15)/((-3)/36) is divided by 18?
16
Suppose -4*f + f = 0. Let k = 2 - f. Let w(c) = -3*c**3 - c**2 + 1. What is the remainder when w(-1) is divided by k?
1
Suppose -3*t + 44 = t. Calculate the remainder when 20 is divided by t.
9
Suppose -f - 2*f + 24 = 0. Calculate the remainder when 26 is divided by f.
2
Let z = -12 - -23. Let a = 43 + -24. Let s = a - z. What is the remainder when 14 is divided by s?
6
Let l(r) = -6*r**3 - r**2 + 9*r + 8. Let w(p) = -5*p**3 + 8*p + 7. Let o(y) = -4*l(y) + 5*w(y). What is the remainder when 56 is divided by o(4)?
18
Suppose 4*b = 129 + 139. Calculate the remainder when 263 is divided by b.
62
Let w = -2 - -6. Let a(z) = 2 + z - 5 + 0. Calculate the remainder when a(10) is divided by w.
3
Let o be 10/((-2)/(2/(-2))). Suppose -60 = -o*x + 5. What is the remainder when x is divided by 1/((0 + -2)/(-10))?
3
Let n(d) = -d**3 + 7*d**2 + 9*d + 11. Calculate the remainder when n(8) is divided by 5.
4
Suppose 3*h = 316 + 95. Suppose 3*n - 81 = 5*s, 5*n + 3*s = n + h. Calculate the remainder when n is divided by (-51)/2*4/(-6).
15
Let y = 6 - 3. Suppose -3*t = 4*j - 83 + 16, y*t + 3*j = 63. Calculate the remainder when 31 is divided by t.
14
Let h be (-3 + 22 + 1)*2. Suppose -2*r = -7*r - h. Let j = r + 14. Calculate the remainder when 10 is divided by j.
4
Calculate the remainder when 125 is divided by (42/(-4))/((-10)/40).
41
Suppose -4*k - 2*x + 17 = 3, x = 2*k - 5. Calculate the remainder when 7 is divided by k.
1
Suppose -78*h + 622 = -236. What is the remainder when 53*1 - (-2 + 1) is divided by h?
10
Let r(y) = -y**3 - 3*y**2 + 2*y + 3. What is the remainder when 128 is divided by r(-5)?
42
Let n(t) = 10*t - 4. Calculate the remainder when 41 is divided by n(1).
5
Let z = 7 + 3. Calculate the remainder when z is divided by 6.
4
Suppose -2*s - 24 = -3*c + s, c + 8 = 5*s. Calculate the remainder when c is divided by 3.
0
Suppose 2*z - 4 + 16 = 0. Let x = -2 - z. Calculate the remainder when 11 is divided by x.
3
Let k(x) = -x**2 + 9*x - 3. Suppose -31 = -7*g + 102. What is the remainder when g is divided by k(7)?
8
Suppose 4*r = -r + 10. Suppose -3*a - 73 = -5*p, -r*a = 2*a + 4. What is the remainder when (-1)/4 + (-327)/(-12) is divided by p?
13
Suppose j + 2*b - 23 + 2 = 0, -j - 5*b + 21 = 0. What is the remainder when 34 is divided by j?
13
Let y(v) be the third derivative of 2/3*v**3 + 0*v + 1/120*v**6 + 0 - 1/15*v**5 + v**2 - 1/8*v**4. Calculate the remainder when 26 is divided by y(5).
12
Suppose -l = l - 8. Suppose -11 = -l*d + 1. What is the remainder when 8 is divided by d?
2
What is the remainder when 42 is divided by 5/(-30)*3*-22?
9
Let v(c) = c. Let t be v(4). Let b = -9 - -11. Suppose -t*r + b*r + 60 = 0. Calculate the remainder when r is divided by 11.
8
Suppose 0 = -i + 5*w + 74, -4*i - 5*w = -8*i + 266. What is the remainder when i is divided by 33?
31
Suppose -2*v = w - 24 - 34, -3*v = -w + 73. Suppose -5*x + 11 = 2*r, x + 4*x = -r + 13. Suppose x*a + a = w. Calculate the remainder when 31 is divided by a.
15
Suppose -8 = -0*g - 4*g. Calculate the remainder when 6 is divided by g.
0
Suppose -4*d = 5*s - s - 96, 0 = 5*s. Calculate the remainder when 91 is divided by d.
19
Let x = -1 - -1. Suppose x = 5*a - a + 4. Calculate the remainder when (0 - 1)*(a - 30) is divided by 11.
9
Suppose r + 317